{"id":3,"date":"2007-03-29T11:27:06","date_gmt":"2007-03-29T09:27:06","guid":{"rendered":"http:\/\/juntadepas.zeus.umh.es\/01-bienvenida\/"},"modified":"2025-07-23T10:33:06","modified_gmt":"2025-07-23T08:33:06","slug":"presentacion","status":"publish","type":"page","link":"https:\/\/juntadepas.umh.es\/ca\/presentacion\/","title":{"rendered":"Presentaci\u00f3n"},"content":{"rendered":"<p><\/p>\n<p style=\"text-align: justify\">Bienvenido a la Web de la Junta de Personal de la Universidad Miguel Hern\u00e1ndez de Elche.<\/p>\n<p style=\"text-align: justify\">La <strong>Junta de Personal de Administraci\u00f3n y Servicios<\/strong> de la Universidad Miguel Hern\u00e1ndez de Elche es el \u00f3rgano espec\u00edfico de <strong>representaci\u00f3n <\/strong>de todo el personal funcionario de administraci\u00f3n y servicios, y su <strong>objetivo<\/strong> principal es la <strong>defensa de sus intereses<\/strong> sociolaborales dentro del \u00e1mbito competencial de la legislaci\u00f3n vigente, los Estatutos de la UMH y este Reglamento confieren a la Junta de Personal.<\/p>\n<p>La <strong>Junta del PAS <\/strong>est\u00e1 compuesta\u00a0por los <a href=\"https:\/\/juntadepas.umh.es\/01-miembros-de-la-junta-de-pas\/\" target=\"_self\" rel=\"noopener noreferrer\">representantes<\/a> de los diferentes sindicatos:<\/p>\n<ul>\n<li>Sindicato de Empleados P\u00fablicos (SEP) con 4 vocales,<\/li>\n<li>Central Sindical Independiente de Funcionarios (CSI.F) con 4 vocales,<\/li>\n<li>Comisiones Obreras (CC.OO) con 3\u00a0vocales<\/li>\n<li>Uni\u00f3n General de Trabajadores (UGT) con 2 vocales.<\/li>\n<\/ul>\n<p>Los cargos dentro de la Junta del PAS son los siguientes<\/p>\n<ul>\n<li><strong>Presidente:<\/strong> D.\u00a0Luis Silvestre Cerd\u00e1\u00a0(SEP)<\/li>\n<li><strong>Vicepresidenta:<\/strong> D\u00f1a. Manuela Sousa Casado\u00a0 (CSIF)<\/li>\n<li><strong>Secretaria:<\/strong> D\u00f1a. Eva Aus\u00f3 Monreal (CSIF)<\/li>\n<li><strong>Vicesecretaria:<\/strong> D\u00f1a. Ana M\u00aa Mart\u00ednez L\u00f3pez (SEP)<\/li>\n<\/ul>\n<p><\/p>","protected":false},"excerpt":{"rendered":"<p>Bienvenido a la Web de la Junta de Personal de la Universidad Miguel Hern\u00e1ndez de Elche. La Junta de Personal de Administraci\u00f3n y Servicios de la Universidad Miguel Hern\u00e1ndez de Elche es el \u00f3rgano espec\u00edfico de representaci\u00f3n de todo el personal funcionario de administraci\u00f3n y servicios, y su objetivo principal es la defensa de sus [&hellip;]<\/p>\n","protected":false},"author":1,"featured_media":0,"parent":0,"menu_order":0,"comment_status":"closed","ping_status":"closed","template":"","meta":{"_links_to":"","_links_to_target":""},"_links":{"self":[{"href":"https:\/\/juntadepas.umh.es\/ca\/wp-json\/wp\/v2\/pages\/3"}],"collection":[{"href":"https:\/\/juntadepas.umh.es\/ca\/wp-json\/wp\/v2\/pages"}],"about":[{"href":"https:\/\/juntadepas.umh.es\/ca\/wp-json\/wp\/v2\/types\/page"}],"author":[{"embeddable":true,"href":"https:\/\/juntadepas.umh.es\/ca\/wp-json\/wp\/v2\/users\/1"}],"replies":[{"embeddable":true,"href":"https:\/\/juntadepas.umh.es\/ca\/wp-json\/wp\/v2\/comments?post=3"}],"version-history":[{"count":0,"href":"https:\/\/juntadepas.umh.es\/ca\/wp-json\/wp\/v2\/pages\/3\/revisions"}],"wp:attachment":[{"href":"https:\/\/juntadepas.umh.es\/ca\/wp-json\/wp\/v2\/media?parent=3"}],"curies":[{"name":"wp","href":"https:\/\/api.w.org\/{rel}","templated":true}]}}

Presentación

<p></p>
<p style="text-align: justify">Bienvenido a la Web de la Junta de Personal de la Universidad Miguel Hernández de Elche.</p>
<p style="text-align: justify">La <strong>Junta de Personal de Administración y Servicios</strong> de la Universidad Miguel Hernández de Elche es el órgano específico de <strong>representación </strong>de todo el personal funcionario de administración y servicios, y su <strong>objetivo</strong> principal es la <strong>defensa de sus intereses</strong> sociolaborales dentro del ámbito competencial de la legislación vigente, los Estatutos de la UMH y este Reglamento confieren a la Junta de Personal.</p>
<p>La <strong>Junta del PAS </strong>está compuesta por los <a href="https://juntadepas.umh.es/01-miembros-de-la-junta-de-pas/" target="_self" rel="noopener noreferrer">representantes</a> de los diferentes sindicatos:</p>
<ul>
<li>Sindicato de Empleados Públicos (SEP) con 4 vocales,</li>
<li>Central Sindical Independiente de Funcionarios (CSI.F) con 4 vocales,</li>
<li>Comisiones Obreras (CC.OO) con 3 vocales</li>
<li>Unión General de Trabajadores (UGT) con 2 vocales.</li>
</ul>
<p>Los cargos dentro de la Junta del PAS son los siguientes</p>
<ul>
<li><strong>Presidente:</strong> D. Luis Silvestre Cerdá (SEP)</li>
<li><strong>Vicepresidenta:</strong> Dña. Manuela Sousa Casado  (CSIF)</li>
<li><strong>Secretaria:</strong> Dña. Eva Ausó Monreal (CSIF)</li>
<li><strong>Vicesecretaria:</strong> Dña. Ana Mª Martínez López (SEP)</li>
</ul>
<p></p>

<p>Bienvenido a la Web de la Junta de Personal de la Universidad Miguel Hernández de Elche. La Junta de Personal de Administración y Servicios de la Universidad Miguel Hernández de Elche es el órgano específico de representación de todo el personal funcionario de administración y servicios, y su objetivo principal es la defensa de sus [&hellip;]</p>
